ded by n.
17
Let w = -2585 + 2649. Calculate the remainder when w is divided by 36.
28
Let h = 37 + -74. Let a = -6 - h. What is the remainder when a is divided by (-6000)/(-880) - (-2)/11?
3
Let i be 818/22 + 4/(-22). Let j = 55 - i. Suppose 4*q - 116*c + 115*c - 133 = 0, q - 4*c - 7 = 0. Calculate the remainder when q is divided by j.
17
Suppose y - 4*r - 68 = 0, 3*y + 209*r = 206*r + 144. Calculate the remainder when 2177 is divided by y.
45
Calculate the remainder when 411 is divided by -4 + (-14)/(-1) + ((-117)/(-9) - 15).
3
Let h(u) = 7*u + 5. Let l be h(25). Suppose 2*x = 5*c - 225, -4*c + 5*x = -0*c - l. What is the remainder when c is divided by 12?
9
Let p = 167 + -171. Calculate the remainder when 1095/65 + p/(-26) is divided by 12.
5
Let o(l) = l**2 - 20*l - 33. Calculate the remainder when o(30) is divided by 89.
0
Let t = -171 - -167. What is the remainder when 2 + (-2)/((-4)/326) is divided by 4/6 - (2656/12)/t?
53
Let j be (168/13)/6 - 4/26. Calculate the remainder when (3/15)/(5/775) is divided by (j + -1)*(21 - 10).
9
Calculate the remainder when 63/7 + -3 + 1487 + 4 is divided by 15.
12
Let s(j) be the second derivative of j**3 + 6*j**2 - 268*j. Suppose -5*r - 10 - 40 = -5*g, 6 = -2*r. Calculate the remainder when s(g) is divided by 28.
26
Let m(z) = -4*z - 121 + 177 + 9*z + 4*z. Calculate the remainder when m(14) is divided by 46.
44
Let f = -21 + 22. Suppose k + n = 6, n + f + 2 = 0. Suppose 0 = -2*v + k*v - 28. What is the remainder when 6 is divided by v?
2
Let i be (-7 + 1)*(-6)/9. Suppose -2*u - 3*g = -68, -i*u + 64 = -g - 86. Suppose -u*d + 34*d = -21. Calculate the remainder when 25 is divided by d.
4
Let b = -44 + 47. Suppose b*k = 9 - 6. Suppose 3*i = -2 + 11. Calculate the remainder when i is divided by k.
0
Let g(m) = m**3 - 3*m**2 + 2*m + 5. Suppose -5*d + 226 = z, -1604 = z + d - 1786. Calculate the remainder when z is divided by g(4).
26
Suppose 125 = -17*c + 516. Suppose -o = -c - 2. What is the remainder when 42 is divided by o?
17
Let v(z) = 343*z + 1244. What is the remainder when 346 is divided by v(-3)?
131
Suppose f + 4*h - 25 = 0, -3*h = -0*h - 9. What is the remainder when (-207)/(-1) - (-6 - (9 - (-5 + 10))) is divided by f?
9
Let t(f) = f**2 - 33*f + 209. Let j be 5*3/4*600/90. What is the remainder when 30 is divided by t(j)?
3
Suppose -58*i - 44*i + 7*i = -957505. What is the remainder when i is divided by 18?
17
Calculate the remainder when (-10548)/(-15) - -5*(-3)/75 is divided by 233.
4
Suppose -3*t = -2*t + 4*s + 23, -5*s - 20 = 0. Calculate the remainder when 142 is divided by (-18)/5*(10 + 105/t).
16
Suppose 5*f = -0*f - 3*c - 18, 0 = -4*f + c - 11. Suppose r + 4*r + 6 = 3*h, -4 = -2*h + 4*r. Calculate the remainder when 2 is divided by (h/(-8))/(f/12).
0
Suppose -24 = -3*l - 5*k + 7, -4*l - 5*k = -33. Suppose -l*m + c + 9 = 0, -m + 5*m + c = 9. Calculate the remainder when 21 is divided by m/6 - (-46)/4.
9
Suppose 184*t - 127*t = -157*t + 1926. Calculate the remainder when 1182 is divided by t.
3
Let i be -1 + 1 - (-338 + -22). Let y = i + -332. What is the remainder when 99 is divided by y?
15
Suppose -4*k - 4*v = -3*v - 17, 5*k - 19 = -2*v. What is the remainder when (3 + -1 + (-3)/((-12)/(-20)))*-7 is divided by k?
1
Let j = -7 - -24. Let k be (-5 - (-22)/5) + j/(-5). What is the remainder when 69 is divided by (-1 + -17)/(k - -3)?
15
Suppose -45*n + 4*n + 102370 = 104*n. Calculate the remainder when n is divided by 61.
35
Suppose -4*y = -y - 429. Suppose 847 = -10*z - y. Calculate the remainder when ((-7)/(21/z))/1 is divided by 5.
3
Suppose -7*j - 7*j + 37116 = 22*j. What is the remainder when j is divided by 204?
11
Let p(s) be the third derivative of -13*s**6/30 - s**5/60 + s**4/12 + s**3/6 - 4*s**2. Calculate the remainder when p(-1) is divided by 9 - -5 - -3*1/(-3).
11
Let x = -70 - -66. What is the remainder when 29 is divided by (-820)/(-80) + 1/x?
9
Let m(z) = z**2 + 45*z - 13052. Let h(a) = a**2 - 3*a + 8. Calculate the remainder when h(6) is divided by m(-139).
12
Suppose -16*v - 25 = -21*v, 3*v = 5*t - 270. Calculate the remainder when 512 is divided by t.
56
Let c(p) = 17*p + 1663. What is the remainder when 475 is divided by c(-95)?
43
Let z(i) = 2*i**3 - 51*i**2 - 79*i + 12. Calculate the remainder when z(28) is divided by 23.
18
Let t = 70 + -28. Suppose 9*s = 3 + t. Suppose -5 = -3*g + 2*c, -10 = -3*g + s*c - 4*c. Calculate the remainder when g is divided by 1.
0
Suppose -5*r = 2*s - 273, 156 = s - 2*r + 24. What is the remainder when s is divided by 36?
26
Let x(c) = c**3 - 12*c**2 + 5*c - 160. What is the remainder when 516 is divided by x(13)?
72
Suppose -2*x - 3*s = 23, x = 6*x + 3*s + 62. Let f = 126 + x. What is the remainder when f is divided by (-6)/18 - -2*295/15?
35
Let h(k) = k**2 + k + 3. Calculate the remainder when (-12)/15*(-850)/17*(-143)/(-44) is divided by h(-4).
10
Let q(v) = -28*v**3 + v**2 - 1. Suppose 6*l + 5 = l. What is the remainder when 1231/9 - (-34)/153 is divided by q(l)?
25
Suppose 30826 = 9*v + 2944. Calculate the remainder when (-10)/150*-3 - v/(-10) is divided by 105.
100
Let b(l) = 338*l + 3301. What is the remainder when b(-8) is divided by 112?
37
Suppose 6*f - 11*f + 10 = 0. Suppose 22*u - 18*u = f*v - 108, 2*v - 118 = 2*u. Calculate the remainder when v is divided by 23.
18
Let i = -2226 + 2350. What is the remainder when 1107 is divided by i?
115
Let x = -135000 - -135038. Let m(k) = 7*k**2 + 5*k - 1. What is the remainder when m(-5) is divided by x?
35
Let y = 9019 + -7440. Calculate the remainder when y is divided by 9.
4
Let t = 19 + 67. Let y(w) = w**2 - 52*w + 365. What is the remainder when t is divided by y(44)?
8
Suppose 3*j - 6 = 3*o, -4*j - o + 3 = -10. Suppose -5*d = -6*g + 2*g + 346, -5*g + j*d + 439 = 0. Calculate the remainder when g is divided by 13.
11
Let q = -51 + 112. Suppose 30*t = 373 + 287. Suppose -961 = -t*p - 9*p. Calculate the remainder when q is divided by p.
30
Suppose -124*l = 55*l - 68020. What is the remainder when 789 is divided by l?
29
Suppose -4*j + 2*j + 3*s + 26 = 0, -4*j - 2*s + 36 = 0. Let a = -18 + j. Let g(x) = -4*x - 7. What is the remainder when 48 is divided by g(a)?
23
Let r(n) = 25*n**2 + 59*n - 299. What is the remainder when r(5) is divided by 8?
5
Let d(j) be the first derivative of j**4/4 + 6*j**3 + 21*j**2/2 + 5*j - 21. Let m be d(-17). Let t = m + 67. Calculate the remainder when 46 is divided by t.
2
Let o(i) = -2*i**3 - 28*i**2 + 127*i - 134. Calculate the remainder when o(-24) is divided by 149.
143
Let a = 22 - 8. Suppose 4*z = -3*v + 338, -z - 86 = -3*v + 242. Let i = -56 + v. Calculate the remainder when i is divided by a.
12
Let m = 3042 - 2614. Calculate the remainder when m is divided by 72.
68
Suppose -118*n = -119*n. Let t(k) be the third derivative of -k**4/12 + 11*k**3/6 - 5*k**2. Calculate the remainder when 52 is divided by t(n).
8
Let a = 2674 - 2540. Let l(o) = 118*o**2 - 2*o + 1. Let k be l(1). Let q = a - k. Calculate the remainder when 97 is divided by q.
12
Let m = -119 - -126. Suppose -108 = -m*f + 4*f. What is the remainder when 68 is divided by f?
32
Let m(h) = 5*h**2 - h + 3. Let a be m(-2). Let o be (14/2 + 0)/(a/875). Suppose j = 4*y - o, 2*y - j - 38 = 83. Calculate the remainder when y is divided by 16.
14
Let v(k) = -128*k - 30. Let g be v(-8). Suppose -g = -22*u + 2570. Calculate the remainder when u is divided by 49.
15
Suppose 854 + 992 = 13*f. Suppose -4*n + 320 = l, 2*n + 3*l - f = 7*l. Calculate the remainder when n is divided by 10.
9
Let b = -1598 + 1606. What is the remainder when 171 is divided by b?
3
Let s be (-5)/20 - 81/12. Let q = 29 - s. Suppose 7*y - q = 153. What is the remainder when 106 is divided by y?
25
Calculate the remainder when 267 is divided by (-6)/(-27) + 12628/99 - (-20)/90.
11
Suppose -h + 5397 + 7024 = 4*q, 5*q - 15523 = 2*h. Calculate the remainder when q is divided by 7.
4
Suppose 808959*s - 365 = 808886*s. Calculate the remainder when (71/1 - 0) + 0 is divided by s.
1
Let r be -1*(94/3)/(8/24). Let o = r + 132. Let i(x) = x**2 - 2*x + 6. Calculate the remainder when o is divided by i(-3).
17
Let i(l) = -2*l**2 - 29*l - 31. Let u(b) = -8*b + 10. What is the remainder when u(-9) is divided by i(-12)?
24
Suppose 51